
-7
Let q(z) = z + 68. Calculate q(-62).
6
Let q(i) = -7*i**3 - 14*i**2 + 25*i - 1. Calculate q(2).
-63
Let x(w) = -2*w**2 - 26*w - 41. Give x(-13).
-41
Let x(z) = -10*z**2 + 1809*z - 2. Determine x(0).
-2
Let k(u) = -u + 21. Calculate k(0).
21
Let k(b) = 2*b**3 - 8*b**2 + 20*b - 10. Give k(5).
140
Let w(m) = 9*m**3 - 3*m**2 + 3*m. Give w(2).
66
Let p(o) = 182*o**2 + 34*o - 32. Calculate p(1).
184
Let q(g) = 679*g + 104565. Calculate q(-154).
-1
Let d(p) = -p**3 - 13*p**2 - 36*p + 50. Give d(-7).
8
Let d(k) = 2*k**2 + 21*k + 91. Determine d(-8).
51
Let r(q) = q**2 + 118*q - 2172. Give r(-134).
-28
Let k(m) = -116*m - 222. Give k(-3).
126
Let d(u) = -u**3 - 50*u**2 - 43*u + 2554. Determine d(-48).
10
Let w(m) = -288*m**3 + 2*m**2 + 9*m - 11. Calculate w(1).
-288
Let h(t) = -13*t**2 - 8*t - 17. Determine h(-4).
-193
Let i(b) = -2*b**2 + 38*b - 99. What is i(16)?
-3
Let h(c) = 136*c**2 - 407*c + 6. Determine h(3).
9
Let l(v) = -v**2 - 59*v - 169. Determine l(-56).
-1
Let p(s) = -3*s**2 - 47*s - 178. Give p(-8).
6
Let m(p) = -p**3 - 15*p**2 - 12*p + 31. Calculate m(-14).
3
Let d(p) = 11*p - 155. Calculate d(15).
10
Let h(n) = -240*n - 717. Determine h(0).
-717
Let k(o) = -3*o**2 - 74*o - 292. Calculate k(-4).
-44
Let q(p) = -12*p - 65. Calculate q(-10).
55
Let w(a) = -5*a**2 + 8*a - 16. Determine w(4).
-64
Let i(m) = -m**3 - 17*m**2 + 8*m - 36. Calculate i(-17).
-172
Let i(d) = 18*d - 20. Determine i(-1).
-38
Let j(r) = -6*r - 34. What is j(-7)?
8
Let v(p) = -17*p**2 + 191*p - 779. What is v(4)?
-287
Let u(k) = 2*k**3 + 50*k**2 + 183*k - 64. Calculate u(-5).
21
Let v(u) = -u**3 - 27*u**2 + 54*u - 49. What is v(-29)?
67
Let p(c) = c**2 - 383*c + 25117. Determine p(84).
1
Let n(p) = -p**3 + 59*p**2 - 116*p + 189. What is n(57)?
75
Let a(f) = 13*f + 687. Give a(-53).
-2
Let d(j) = -6*j**3 - 11*j**2 - 4*j + 7. Determine d(-1).
6
Let b(p) = -16*p**3 + 65*p**2 + 12*p - 13. Determine b(4).
51
Let r(j) = j**2 + 881*j + 17199. Calculate r(-20).
-21
Let c(g) = -7*g**3 - 541*g**2 + 391*g + 57. What is c(-78)?
-21
Let j(a) = -2*a**3 + 26*a**2 + 93*a + 52. What is j(16)?
4
Let w(h) = 23*h**3 + 11*h**2 + 15*h - 3. Give w(-2).
-173
Let v(i) = -17*i + 375. Determine v(16).
103
Let x(w) = w**2 - 6*w - 800. Give x(-25).
-25
Let a(g) = g**2 + 52*g + 321. Determine a(-8).
-31
Let q(u) = -u**3 + 23*u**2 - 8*u + 3. Determine q(23).
-181
Let j(c) = 582*c**2 + 11640*c. Give j(-20).
0
Let z(j) = -j**2 - 15*j + 7077. Give z(77).
-7
Let i(l) = l**2 - 23*l - 767. Give i(-18).
-29
Let m(l) = 94*l - 5834. What is m(62)?
-6
Let k(j) = -9*j - 319. Give k(-38).
23
Let b(c) = -12*c - 132. Determine b(-33).
264
Let z(m) = -103*m - 9262. Determine z(-88).
-198
Let y(f) = 3*f**2 - 100*f - 301. Calculate y(36).
-13
Let w(l) = -74*l**3 + 148*l**2 + 14*l - 28. Calculate w(2).
0
Let y(c) = -2*c**2 - 421*c - 421. Calculate y(-1).
-2
Let m(f) = 68*f + 16. What is m(2)?
152
Let q(o) = -83*o + 1303. Give q(15).
58
Let c(a) = -70*a**2 + 11*a - 15. Give c(2).
-273
Let c(v) = 254*v + 3848. Determine c(-15).
38
Let m(t) = 358*t - 3932. Give m(11).
6
Let y(x) = -45*x + 1866. Determine y(38).
156
Let p(g) = 6*g**2 + 289*g - 249. What is p(-49)?
-4
Let j(g) = -36*g**2 + 862*g + 16. Determine j(24).
-32
Let w(l) = l**3 + 5*l**2 - 108*l - 43. Determine w(-13).
9
Let t(r) = 73*r - 283. Give t(4).
9
Let n(t) = 44*t**2 + 68*t + 193. Determine n(-3).
385
Let f(v) = -v**3 + 15*v**2 - 7*v - 235. Give f(13).
12
Let t(q) = 87*q + 62. Calculate t(-1).
-25
Let o(c) = 2*c**3 - 23*c**2 - 21*c + 169. What is o(13)?
403
Let y(b) = -b**3 - 52*b**2 - 267*b + 415. What is y(-46)?
1
Let t(k) = -129*k - 6. Give t(1).
-135
Let f(l) = -l**3 + 3*l**2 + 23*l + 31. Calculate f(-3).
16
Let z(b) = b**3 - 12*b**2 - 8*b + 50. What is z(12)?
-46
Let i(j) = -69*j - 1075. Give i(-15).
-40
Let p(d) = 155*d**2 + 2. Determine p(-1).
157
Let z(o) = -o**3 + 8*o**2 + 14*o - 43. Give z(3).
44
Let d(m) = 722*m + 5. Calculate d(0).
5
Let g(y) = y**3 - 5*y**2 - 2*y + 45. Give g(4).
21
Let d(s) = -182*s + 1213. Give d(6).
121
Let k(m) = -m**2 + 15*m + 156. Give k(22).
2
Let c(y) = y**2 - y + 12. What is c(-6)?
54
Let w(o) = 2*o**2 + 8*o - 75. What is w(-8)?
-11
Let m(j) = -35*j**2 + 8*j - 18. Give m(2).
-142
Let h(j) = -j**3 + 37*j**2 + 144*j - 86. Give h(-4).
-6
Let q(k) = 79*k**3 - 3*k**2 - 2*k. What is q(-1)?
-80
Let u(l) = -165*l - 4374. Give u(-29).
411
Let a(u) = -u**3 + 2*u**2 - 89*u + 263. Calculate a(3).
-13
Let l(k) = -k**3 + 50*k**2 + 45*k + 306. Calculate l(51).
0
Let l(a) = -2*a**3 + 20*a**2 - 18*a - 16. Give l(9).
-16
Let o(w) = 239*w + 38705. Give o(-162).
-13
Let l(q) = -q**3 + 18*q**2 - 27*q - 118. Give l(16).
-38
Let q(g) = g**3 + 26*g**2 - 14*g - 65. What is q(-27)?
-416
Let w(u) = u**3 + 9*u**2 + 2*u + 25. Determine w(0).
25
Let o(d) = 37*d - 8. Determine o(9).
325
Let w(f) = -f**2 - 40*f - 124. Calculate w(-27).
227
Let j(d) = d**3 - 9*d**2 - 24*d + 21. Determine j(11).
-1
Let m(b) = -12888*b - 64439. Give m(-5).
1
Let h(g) = -217*g - 63. What is h(3)?
-714
Let g(o) = o**2 - 173*o - 708. What is g(-4)?
0
Let w(r) = r**2 + 32*r + 270. Give w(-19).
23
Let k(j) = -21*j - 238. Determine k(-13).
35
Let b(r) = -11*r**3 + 12*r**2 + 25*r + 11. Calculate b(-2).
97
Let i(r) = 1118*r + 15654. Determine i(-14).
2
Let j(n) = n**2 - 2*n - 204. Give j(-13).
-9
Let k(r) = -r**3 - 34*r**2 + 190*r - 185. Calculate k(-39).
10
Let o(k) = k**3 + 18*k**2 + 16*k + 44. What is o(-17)?
61
Let f(x) = -x**3 + 67*x**2 - 525*x + 3137. Calculate f(59).
10
Let c(p) = -23*p + 684. What is c(29)?
17
Let w(m) = m**3 + 61*m**2 + 479*m + 527. Give w(-52).
-45
Let d(b) = -b + 4. Determine d(-1).
5
Let u(x) = -4*x**2 - 439*x + 4393. Calculate u(-119).
-10
Let l(r) = -3*r + 73. What is l(55)?
-92
Let f(n) = n**2 + 42*n + 212. Give f(-35).
-33
Let z(b) = b**3 - 14*b**2 + 29*b + 104. Determine z(10).
-6
Let w(y) = y**2 - 165*y - 1189. Give w(-7).
15
Let g(l) = -2*l**3 + 95*l**2 - 310*l + 81. Give g(44).
-7
Let w(v) = -v**3 + 47*v**2 + 121*v - 1122. Determine w(49).
5
Let y(d) = 7250*d - 29007. Calculate y(4).
-7
Let g(b) = b**3 - 69*b**2 + 379*b + 73. Calculate g(63).
136
Let m(q) = -2*q**2 - 38*q - 341. Calculate m(-10).
-161
Let v(f) = 10*f + 40. What is v(14)?
180
Let x(b) = -27*b**2 - 224*b - 56. Calculate x(-8).
8
Let v(w) = -20*w + 162. Give v(9).
-18
Let z(k) = -k**3 - 38*k**2 - 31*k + 188. What is z(-37)?
-34
Let d(w) = -4*w**3 + 10*w**2 - 12*w + 3. Give d(5).
-307
Let q(d) = 523*d - 1025. Give q(3).
544
Let d(h) = h**3 + 135*h**2 - 75*h - 10123. Calculate d(-135).
2
Let q(s) = -9*s**3 - 211*s**2 + 115*s - 45. Determine q(-24).
75
Let i(n) = -36*n**2 - 9*n + 9. Calculate i(1).
-36
Let n(k) = k**3 + 108*k**2 + 319*k + 404. Determine n(-105).
-16
Let j(b) = -2*b**3 + 83*b**2 - 268*b + 77. Calculate j(38).
1
Let t(i) = -30*i**2 - i - 5. Calculate t(-2).
-123
Let i(k) = -k**2 + 103*k - 208. Determine i(105).
-418
Let t(h) = -11*h**2 - 1718*h - 312. What is t(-156)?
0
Let c(g) = -91*g - 7891. Calculate c(-88).
117
Let n(t) = 1024*t - 8161. Determine n(8).
31
Let h(n) = 2*n**2 - 43*n - 79. What is h(29)?
356
Let i(u) = -25*u**3 - 2*u**2 - 69*u + 71. Give i(1).
-25
Let i(m) = 7*m**2 + 4*m - 4. What is i(-2)?
16
Let b(s) = -s**3 - 39*s**2 - 39*s - 1. Determine b(-38).
37
Let g(r) = -r**2 - 26*r - 12. Determine g(-30).
-132
Let w(t) = 6*t**2 - 113*t + 8. Calculate w(8).
-512
Let g(c) = 6*c**2 + 82*c + 5. What is g(-14)?
33
Let d(a) = -75*a - 512. Determine d(-6).
-62
Let r(z) = 25*z**2 + z + 4. What is r(2)?
106
Let r(z) = z**3 + 320*z**2 + 6000*z + 4. Determine r(-20).
4
Let w(s) = 340*s - 7190. Determine w(21).
-50
Let v(p) = 2*p**3 + 135*p**2 + 193*p - 103. Give v(-66).
227
Let y(q) = q**2 - 246*q - 2837. Determine y(-11).
-10
Let t(s) = -164*s - 1133. Calculate t(-9).
343
Let d(p) = -p**3 - p**2 + 21*p + 1. Calculate d(4).
5
Let h(f) = 390*f + 2423. Determine h(-6).
83
Let s(h) = -316*h**3 - h**2 - 10*h - 10. Determine s(-1).
315
Let n(i) = -i**2 + 96*i - 2304. Calculate n(50).
-4
Let z(f) = f**2 - 76*f - 678. Give z(-8).
-6
Let r(z) = 59*z**2 + 13*z + 2. What is r(-1)?
48
Let w(r) = r**3 + 7*r**2 + 15*r + 32. Determine w(-5).
7
Let k(d) = d**3 + 40*d**2 - 112*d - 1182. Calculate k(-42).
-6
Let k(i) = 75*i**3 - 590*i**2 - 86*i + 38. Calculate k(8).
-10
